{"id":90,"date":"2024-11-25T12:10:53","date_gmt":"2024-11-25T12:10:53","guid":{"rendered":"https:\/\/test.norma-capitel.com\/?post_type=product&#038;p=90"},"modified":"2024-11-25T12:10:53","modified_gmt":"2024-11-25T12:10:53","slug":"atlas-color-doppler-en-cardiologia","status":"publish","type":"product","link":"https:\/\/test.norma-capitel.com\/?product=atlas-color-doppler-en-cardiologia","title":{"rendered":"Atlas Color Doppler en Cardiolog\u00eda"},"content":{"rendered":"<p>P\u00e1ginas\u00a0\u00a0\u00a0\u00a0 380<br \/>\nTama\u00f1o\u00a0\u00a0\u00a0\u00a0 27,00 x 19,50 cm.<br \/>\nPeso\u00a0\u00a0\u00a0\u00a0\u00a0\u00a0\u00a0\u00a0\u00a0\u00a0 1300 gr.<\/p>\n<p>Encuadernaci\u00f3n\u00a0 Carton\u00e9 (Tapa dura)<br \/>\nImpresi\u00f3n\u00a0\u00a0\u00a0\u00a0\u00a0\u00a0\u00a0\u00a0\u00a0\u00a0\u00a0\u00a0\u00a0 Color<br \/>\n\u00cdNDICE DE CAPITULOS<\/p>\n<p>\u00a0\u00a0 1\u00a0 Principios b\u00e1sicos.<br \/>\n\u00a0\u00a0 2\u00a0 Mapeo con Doppler codificado en color (MDC).<br \/>\n\u00a0\u00a0 3\u00a0 Utilizaci\u00f3n de las diferentes t\u00e9cnicas de Doppler.<br \/>\n\u00a0\u00a0 4\u00a0 C\u00e1lculo de presiones intracard\u00edacas y funci\u00f3n ventricular.<br \/>\n\u00a0\u00a0 5\u00a0 Funci\u00f3n ventricular: Patolog\u00eda del miocardio y pericardio.<br \/>\n\u00a0\u00a0 6\u00a0 Obstrucci\u00f3n mitral y tric\u00faspide.<br \/>\n\u00a0\u00a0 7\u00a0 Estenosis a\u00f3rtica.<br \/>\n\u00a0\u00a0 8\u00a0 El Doppler en la insuficiencia valvular. Insuficiencia mitral.<br \/>\n\u00a0\u00a0 9\u00a0 Insuficiencia a\u00f3rtica.<br \/>\n10\u00a0 Insuficiencia tricusp\u00eddea.<br \/>\n11\u00a0 Hipertensi\u00f3n pulmonar e insuficiencia pulmonar.<br \/>\n12\u00a0 Pr\u00f3tesis card\u00edacas.<br \/>\n13\u00a0 La t\u00e9cnica de Doppler en cardiolog\u00eda fetal y pedi\u00e1trica.<br \/>\n___________________________________________<br \/>\nLa t\u00e9cnica de Doppler en Cardiolog\u00eda, utilizada en el diagn\u00f3stico de la patolog\u00eda de esta especialidad desde hace a\u00f1os, ocupa hoy en d\u00eda un lugar importante en el conjunto de exploraciones incruentas que se realizan de forma rutinaria en el paciente.\u00a0<\/p>\n<p>Inicialmente, se utiliz\u00f3 de forma aislada, ahora se realiza dentro del conjunto de lo que podemos llamar exploraci\u00f3n con ultrasonidos del coraz\u00f3n que, comprende el examen Doppler con sus diferentes t\u00e9cnicas y la utilizaci\u00f3n adem\u00e1s de la t\u00e9cnica M bidimensional.<br \/>\nEn este atlas se describen y concretan de forma pr\u00e1ctica, los principios f\u00edsicos del efecto Doppler, el examen del coraz\u00f3n en las diferentes patolog\u00edas, as\u00ed como la utilizaci\u00f3n de las diferentes modalidades de la t\u00e9cnica Doppler, comenzando por Doppler pulsado, siguiendo por Doppler cont\u00ednuo y terminando el mapeo con Doppler codificado en color.\u00a0<\/p>\n<p>La utilizaci\u00f3n de las diferentes t\u00e9cnicas de Doppler, siempre se efect\u00faa en conjunto, con una relaci\u00f3n cronol\u00f3gica, correspondiente al desarrollo de estas diferentes t\u00e9cnicas, siendo todas ellas necesarias para realizar un examen completo, dentro de la variada patolog\u00eda cardiovascular.\u00a0<\/p>\n<p>El autor describe los principios f\u00edsicos y hallazgos normales en los primeros cap\u00edtulos, pasando posteriormente a abordar el examen de las diferentes patolog\u00edas adquiridas o cong\u00e9nitas que se benefician del diagn\u00f3stico con esta t\u00e9cnica.\u00a0<\/p>\n<p>Estos conocimientos se exponen utilizando con profusi\u00f3n una selecta variedad de im\u00e1genes, acompa\u00f1adas de un texto en el que prima la sencillez de exposici\u00f3n, que da como resultado una obra eminentemente pr\u00e1ctica, basada en muchos a\u00f1os de experiencia en los Servicios de Cardiolog\u00eda de la Cl\u00ednica La Luz y en el Hospital Ram\u00f3n y Cajal, ambos de Madrid, y en la utilizaci\u00f3n de m\u00faltiples equipos incluyendo los de tecnolog\u00eda m\u00e1s avanzada.\u00a0<br \/>\n___________________________________________<\/p>\n","protected":false},"excerpt":{"rendered":"<p>P\u00e1ginas\u00a0\u00a0\u00a0\u00a0 380 Tama\u00f1o\u00a0\u00a0\u00a0\u00a0 27,00 x 19,50 cm. Peso\u00a0\u00a0\u00a0\u00a0\u00a0\u00a0\u00a0\u00a0\u00a0\u00a0 1300 gr. Encuadernaci\u00f3n\u00a0 Carton\u00e9 (Tapa dura) Impresi\u00f3n\u00a0\u00a0\u00a0\u00a0\u00a0\u00a0\u00a0\u00a0\u00a0\u00a0\u00a0\u00a0\u00a0 Color \u00cdNDICE DE CAPITULOS \u00a0\u00a0<\/p>\n","protected":false},"featured_media":91,"comment_status":"open","ping_status":"closed","template":"","meta":[],"product_cat":[33],"product_tag":[],"class_list":{"0":"post-90","1":"product","2":"type-product","3":"status-publish","4":"has-post-thumbnail","6":"product_cat-yuste-p","8":"first","9":"instock","10":"shipping-taxable","11":"purchasable","12":"product-type-simple"},"_links":{"self":[{"href":"https:\/\/test.norma-capitel.com\/index.php?rest_route=\/wp\/v2\/product\/90","targetHints":{"allow":["GET"]}}],"collection":[{"href":"https:\/\/test.norma-capitel.com\/index.php?rest_route=\/wp\/v2\/product"}],"about":[{"href":"https:\/\/test.norma-capitel.com\/index.php?rest_route=\/wp\/v2\/types\/product"}],"replies":[{"embeddable":true,"href":"https:\/\/test.norma-capitel.com\/index.php?rest_route=%2Fwp%2Fv2%2Fcomments&post=90"}],"wp:featuredmedia":[{"embeddable":true,"href":"https:\/\/test.norma-capitel.com\/index.php?rest_route=\/wp\/v2\/media\/91"}],"wp:attachment":[{"href":"https:\/\/test.norma-capitel.com\/index.php?rest_route=%2Fwp%2Fv2%2Fmedia&parent=90"}],"wp:term":[{"taxonomy":"product_cat","embeddable":true,"href":"https:\/\/test.norma-capitel.com\/index.php?rest_route=%2Fwp%2Fv2%2Fproduct_cat&post=90"},{"taxonomy":"product_tag","embeddable":true,"href":"https:\/\/test.norma-capitel.com\/index.php?rest_route=%2Fwp%2Fv2%2Fproduct_tag&post=90"}],"curies":[{"name":"wp","href":"https:\/\/api.w.org\/{rel}","templated":true}]}}