{"id":86,"date":"2024-11-25T12:10:50","date_gmt":"2024-11-25T12:10:50","guid":{"rendered":"https:\/\/test.norma-capitel.com\/?post_type=product&#038;p=86"},"modified":"2024-11-25T12:10:50","modified_gmt":"2024-11-25T12:10:50","slug":"neuroultrasonografia-clinica","status":"publish","type":"product","link":"https:\/\/test.norma-capitel.com\/?product=neuroultrasonografia-clinica","title":{"rendered":"Neuroultrasonograf\u00eda Cl\u00ednica"},"content":{"rendered":"<p>P\u00e1ginas\u00a0\u00a0\u00a0\u00a0 288<br \/>\nTama\u00f1o\u00a0\u00a0\u00a0\u00a0 27,00 x 19,90 cm.<br \/>\nPeso\u00a0\u00a0\u00a0\u00a0\u00a0\u00a0\u00a0\u00a0\u00a0\u00a0 1080 gr.<\/p>\n<p>Encuadernaci\u00f3n\u00a0 Carton\u00e9 (Tapa dura)<br \/>\nImpresi\u00f3n\u00a0\u00a0\u00a0\u00a0\u00a0\u00a0\u00a0\u00a0\u00a0\u00a0\u00a0\u00a0\u00a0 b\/n\u00cdNDICE DE CAPITULOS<\/p>\n<p>\u00a0\u00a0 1\u00a0 Aspectos t\u00e9cnicos del examen ultrasonografico. Anatom\u00eda ecograf\u00eda cerebral normal.<br \/>\n\u00a0\u00a0 2\u00a0 Indicaciones\u00a0y utilidad de la neuroultrasonograf\u00eda.<br \/>\n\u00a0\u00a0 3\u00a0 Neuroultrasonograf\u00eda fetal.<br \/>\n\u00a0\u00a0 4\u00a0 Hemorragia intracraneal.<br \/>\n\u00a0\u00a0 5\u00a0 Encefalopat\u00eda hipoxico-isqu\u00e9mica.<br \/>\n\u00a0\u00a0 6\u00a0 Ultrasonograf\u00eda del t\u00e1lamo y n\u00facleos de la base.<br \/>\n\u00a0\u00a0 7\u00a0 Malformaciones cerebrales cong\u00e9nitas.<br \/>\n\u00a0\u00a0 8\u00a0 Estudio ultrasonogr\u00e1fico de la fosa posterior.<br \/>\n\u00a0\u00a0 9\u00a0 Ultrasonograf\u00eda de la hidrocefalia.<br \/>\n10\u00a0 Infecci\u00f3n intracraneal.<br \/>\n11\u00a0 Tumores y quistes.<br \/>\n12\u00a0 Ultrasonograf\u00eda de la columna vertebral.<br \/>\n13\u00a0 Ultrasonograf\u00eda ocular y orbitaria.<br \/>\n14\u00a0 Neuroultrasonograf\u00eda intraoperatoria.<br \/>\n15\u00a0 Neuroultrasonograf\u00eda Doppler.<br \/>\n16\u00a0 Ultrasonograf\u00eda cerebral experimental.<br \/>\n___________________________________________<\/p>\n<p>La ultrasonograf\u00eda cerebral es el m\u00e9todo de elecci\u00f3n para el diagn\u00f3stico y seguimiento del reci\u00e9n nacido y lactante con patolog\u00eda cerebral, mientras mantenga la fontanela abierta.\u00a0<\/p>\n<p>La estrecha colaboraci\u00f3n entre A. P\u00e9rez Higueras (jefe de Secci\u00f3n de Radiodiagn\u00f3stico de la Unidad de Neuroradiolog\u00eda) y F. Caba\u00f1as (Servicio de Neonatolog\u00eda) del Hospital Infantil La Paz de Madrid, ha dado un resultado excelente, haciendonos entender c\u00f3mo la ultrasonograf\u00eda cerebral es un medio diagn\u00f3stico din\u00e1mico que permite valorar las im\u00e1genes ultrasonogr\u00e1ficas, no aisladamente sino en estrecha relaci\u00f3n con la sintomatolog\u00eda cl\u00ednica del paciente, acerc\u00e1ndonos a un mejor conocimiento, tanto de los hallazgos ultrasonogr\u00e1ficos como de las lesiones cerebrales, permitiendo as\u00ed la confirmaci\u00f3n diagn\u00f3stica por otras t\u00e9cnicas, estudios etiopatog\u00e9nicos, mejor valoraci\u00f3n de las medidas terapeuticas, as\u00ed como el curso evolutivo de los pacientes.\u00a0<\/p>\n<p>Destaca en esta obra la gran calidad de la iconograf\u00eda, meticulosamente cuidada. En los cap\u00edtulos, cabe puntualizar los dedicados a ecograf\u00eda intrauterina, desarrollando de forma importante el diagn\u00f3stico prenatal y la medicina fetal, mostrando las lesiones neurol\u00f3gicas fundamentalmente malformativas; el dedicado a ultrasonograf\u00eda orbitaria o de columna, adem\u00e1s de los dedicados a ecograf\u00eda intraoperatoria y experimental y el dedicado a neuroultrasonograf\u00eda doppler en el que se explica ampliamente esta t\u00e9cnica para el estudio de velocidad del flujo cerebral.\u00a0<br \/>\n___________________________________________<\/p>\n","protected":false},"excerpt":{"rendered":"<p>P\u00e1ginas\u00a0\u00a0\u00a0\u00a0 288 Tama\u00f1o\u00a0\u00a0\u00a0\u00a0 27,00 x 19,90 cm. Peso\u00a0\u00a0\u00a0\u00a0\u00a0\u00a0\u00a0\u00a0\u00a0\u00a0 1080 gr. Encuadernaci\u00f3n\u00a0 Carton\u00e9 (Tapa dura) Impresi\u00f3n\u00a0\u00a0\u00a0\u00a0\u00a0\u00a0\u00a0\u00a0\u00a0\u00a0\u00a0\u00a0\u00a0 b\/n\u00cdNDICE DE CAPITULOS \u00a0\u00a0 1\u00a0<\/p>\n","protected":false},"featured_media":87,"comment_status":"open","ping_status":"closed","template":"","meta":[],"product_cat":[31],"product_tag":[],"class_list":{"0":"post-86","1":"product","2":"type-product","3":"status-publish","4":"has-post-thumbnail","6":"product_cat-perez-higueras-a-cabanas-f","8":"first","9":"instock","10":"shipping-taxable","11":"purchasable","12":"product-type-simple"},"_links":{"self":[{"href":"https:\/\/test.norma-capitel.com\/index.php?rest_route=\/wp\/v2\/product\/86","targetHints":{"allow":["GET"]}}],"collection":[{"href":"https:\/\/test.norma-capitel.com\/index.php?rest_route=\/wp\/v2\/product"}],"about":[{"href":"https:\/\/test.norma-capitel.com\/index.php?rest_route=\/wp\/v2\/types\/product"}],"replies":[{"embeddable":true,"href":"https:\/\/test.norma-capitel.com\/index.php?rest_route=%2Fwp%2Fv2%2Fcomments&post=86"}],"wp:featuredmedia":[{"embeddable":true,"href":"https:\/\/test.norma-capitel.com\/index.php?rest_route=\/wp\/v2\/media\/87"}],"wp:attachment":[{"href":"https:\/\/test.norma-capitel.com\/index.php?rest_route=%2Fwp%2Fv2%2Fmedia&parent=86"}],"wp:term":[{"taxonomy":"product_cat","embeddable":true,"href":"https:\/\/test.norma-capitel.com\/index.php?rest_route=%2Fwp%2Fv2%2Fproduct_cat&post=86"},{"taxonomy":"product_tag","embeddable":true,"href":"https:\/\/test.norma-capitel.com\/index.php?rest_route=%2Fwp%2Fv2%2Fproduct_tag&post=86"}],"curies":[{"name":"wp","href":"https:\/\/api.w.org\/{rel}","templated":true}]}}