{"id":80,"date":"2024-11-25T12:10:46","date_gmt":"2024-11-25T12:10:46","guid":{"rendered":"https:\/\/test.norma-capitel.com\/?post_type=product&#038;p=80"},"modified":"2024-11-25T12:10:46","modified_gmt":"2024-11-25T12:10:46","slug":"cardiopatia-isquemica","status":"publish","type":"product","link":"https:\/\/test.norma-capitel.com\/?product=cardiopatia-isquemica","title":{"rendered":"Cardiopat\u00eda Isqu\u00e9mica"},"content":{"rendered":"<p>P\u00e1ginas\u00a0\u00a0\u00a0\u00a0 750<br \/>\nTama\u00f1o\u00a0\u00a0\u00a0\u00a0 26,00 x 19,00 cm.<br \/>\nPeso\u00a0\u00a0\u00a0\u00a0\u00a0\u00a0\u00a0\u00a0\u00a0\u00a0 1600 gr.<br \/>\nEncuadernaci\u00f3n\u00a0 Carton\u00e9 (Tapa dura)<br \/>\nImpresi\u00f3n\u00a0\u00a0\u00a0\u00a0\u00a0\u00a0\u00a0\u00a0\u00a0\u00a0\u00a0\u00a0\u00a0\u00a0 b\/n\u00cdNDICE DE CAP\u00cdTULOS<\/p>\n<p>\u00a0 1\u00a0 Etiopatogenia de la arteriosclerosis.<br \/>\n\u00a0 2\u00a0 Anatom\u00eda patol\u00f3gica de la cardiopat\u00eda isqu\u00e9mica.<br \/>\n\u00a0 3\u00a0 Fisiopatolog\u00eda de la circulaci\u00f3n coronaria.<br \/>\n\u00a0 4\u00a0 Angina de pecho.<br \/>\n\u00a0 5\u00a0 Diagn\u00f3stico electrocardiogr\u00e1fico de la insuficiencia coronaria: Pruebas de esfuerzo.<br \/>\n\u00a0 6\u00a0 Arteriograf\u00eda coronaria.<br \/>\n\u00a0 7\u00a0 Infarto agudo de miocardio.<br \/>\n\u00a0 8\u00a0 Diagn\u00f3stico electrovectocardiogr\u00e1fico del infarto de miocardio.<br \/>\n\u00a0 9\u00a0 Arritmias en el infarto agudo de miocardio.<br \/>\n10\u00a0 Trastornos de la conducci\u00f3n en el infarto agudo de miocardio.<br \/>\n11\u00a0 Utilidad de los is\u00f3topos radioactivos en el estudio de la cardiopat\u00eda isqu\u00e9mica.<br \/>\n12\u00a0 Fisiopatolog\u00eda de la insuficiencia card\u00edaca.<br \/>\n13\u00a0 Valoraci\u00f3n cl\u00ednica y radiol\u00f3gica de la funci\u00f3n ventricular.<br \/>\n14\u00a0 Valoraci\u00f3n de la funci\u00f3n ventricular en la unidad coronaria. Monitorizaci\u00f3n hemodin\u00e1mica.<br \/>\n15\u00a0 Valorizaci\u00f3n de la funci\u00f3n ventricular en el laboratorio de hemodin\u00e1mica.<br \/>\n16\u00a0 Infarto de ventr\u00edculo derecho.<br \/>\n17\u00a0 Shock cardiog\u00e9nico.<br \/>\n18\u00a0 Complicaciones del infarto de miocardio.<br \/>\n19\u00a0 Tratamiento m\u00e9dico de la angina de pecho.<br \/>\n20\u00a0 Tratamiento quir\u00fargico de la insuficiencia coronaria.<br \/>\n21\u00a0 La unidad coronaria. Tratamiento del infarto agudo de miocardio no complicado. Protecci\u00f3n del miocardio isqu\u00e9mico.<br \/>\n22\u00a0 Tratamiento de las arritmias cardiacas en el infarto agudo de miocardio. F\u00e1rmacos antiarr\u00edtmicos.<br \/>\n23\u00a0 Tratamiento de los trastornos de conducci\u00f3n en el infarto agudo de miocardio.<br \/>\n24\u00a0 Enfermedad del nodo sinusal.<br \/>\n25\u00a0 Tratamiento m\u00e9dico de la insuficiencia cardiaca en la cardiopat\u00eda isqu\u00e9mica.<br \/>\n26\u00a0 Tratamiento de las complicaciones quir\u00fargicas del infarto de miocardio.<br \/>\n27\u00a0 Paro card\u00edaco.<br \/>\n28\u00a0 Rehabilitaci\u00f3n del paciente coronario.<br \/>\n___________________________________________<\/p>\n<p>La cardiopat\u00eda isquemica y sus consecuencias, suponen en la actualidad mas del 80% de la patolog\u00eda del adulto.\u00a0<br \/>\nEste problema, no hab\u00eda sido abordado en su conjunto y en un solo tratado.<br \/>\nEl presente libro intenta cubrir este vacio, contando para ello con la inestimable experiencia de los coautores en sus respectivas \u00e1reas, haciendo que sean capitulos excepcionales la etiopatogenia de la arteriosclerosis, anatom\u00eda patol\u00f3gica de la cardiopat\u00eda coronaria, la prueba de esfuerzo, estudios isot\u00f3picos en cardiopat\u00eda isqu\u00e9mica, coronariograf\u00edas, estudio de la funci\u00f3n ventricular en el laboratorio de hemodin\u00e1mica, el pulm\u00f3n en el shock, el tratamiento quir\u00fargico de la insuficiencia coronaria y las complicaciones quir\u00fargicas del infarto, diabetes, etc., incorporando adem\u00e1s una importante iconograf\u00eda compuesta por 600 figuras, todas ellas de excelente valor y calidad.<br \/>\n___________________________________________<\/p>\n","protected":false},"excerpt":{"rendered":"<p>P\u00e1ginas\u00a0\u00a0\u00a0\u00a0 750 Tama\u00f1o\u00a0\u00a0\u00a0\u00a0 26,00 x 19,00 cm. Peso\u00a0\u00a0\u00a0\u00a0\u00a0\u00a0\u00a0\u00a0\u00a0\u00a0 1600 gr. Encuadernaci\u00f3n\u00a0 Carton\u00e9 (Tapa dura) Impresi\u00f3n\u00a0\u00a0\u00a0\u00a0\u00a0\u00a0\u00a0\u00a0\u00a0\u00a0\u00a0\u00a0\u00a0\u00a0 b\/n\u00cdNDICE DE CAP\u00cdTULOS \u00a0 1\u00a0<\/p>\n","protected":false},"featured_media":81,"comment_status":"open","ping_status":"closed","template":"","meta":[],"product_cat":[27],"product_tag":[],"class_list":{"0":"post-80","1":"product","2":"type-product","3":"status-publish","4":"has-post-thumbnail","6":"product_cat-martin-jadraque-l","8":"first","9":"instock","10":"shipping-taxable","11":"purchasable","12":"product-type-simple"},"_links":{"self":[{"href":"https:\/\/test.norma-capitel.com\/index.php?rest_route=\/wp\/v2\/product\/80","targetHints":{"allow":["GET"]}}],"collection":[{"href":"https:\/\/test.norma-capitel.com\/index.php?rest_route=\/wp\/v2\/product"}],"about":[{"href":"https:\/\/test.norma-capitel.com\/index.php?rest_route=\/wp\/v2\/types\/product"}],"replies":[{"embeddable":true,"href":"https:\/\/test.norma-capitel.com\/index.php?rest_route=%2Fwp%2Fv2%2Fcomments&post=80"}],"wp:featuredmedia":[{"embeddable":true,"href":"https:\/\/test.norma-capitel.com\/index.php?rest_route=\/wp\/v2\/media\/81"}],"wp:attachment":[{"href":"https:\/\/test.norma-capitel.com\/index.php?rest_route=%2Fwp%2Fv2%2Fmedia&parent=80"}],"wp:term":[{"taxonomy":"product_cat","embeddable":true,"href":"https:\/\/test.norma-capitel.com\/index.php?rest_route=%2Fwp%2Fv2%2Fproduct_cat&post=80"},{"taxonomy":"product_tag","embeddable":true,"href":"https:\/\/test.norma-capitel.com\/index.php?rest_route=%2Fwp%2Fv2%2Fproduct_tag&post=80"}],"curies":[{"name":"wp","href":"https:\/\/api.w.org\/{rel}","templated":true}]}}