{"id":68,"date":"2024-11-25T12:10:35","date_gmt":"2024-11-25T12:10:35","guid":{"rendered":"https:\/\/test.norma-capitel.com\/?post_type=product&#038;p=68"},"modified":"2024-11-25T12:10:36","modified_gmt":"2024-11-25T12:10:36","slug":"frutos-tropicales-en-la-costa-andaluza","status":"publish","type":"product","link":"https:\/\/test.norma-capitel.com\/?product=frutos-tropicales-en-la-costa-andaluza","title":{"rendered":"Frutos Tropicales en la Costa Andaluza"},"content":{"rendered":"<p>P\u00e1ginas\u00a0\u00a0\u00a0\u00a0 224<br \/>\nTama\u00f1o\u00a0\u00a0\u00a0\u00a0 27,50 x 20,00 cm.<br \/>\nPeso\u00a0\u00a0\u00a0\u00a0\u00a0\u00a0\u00a0\u00a0\u00a0\u00a0 750 gr.<\/p>\n<p>Encuadernaci\u00f3n\u00a0 Carton\u00e9 (Tapa dura)<br \/>\nImpresi\u00f3n\u00a0\u00a0\u00a0\u00a0\u00a0\u00a0\u00a0\u00a0\u00a0\u00a0\u00a0\u00a0\u00a0 Color\u00a0\u00cdNDICE DE CAP\u00cdTULOS<\/p>\n<p>Aguacate, Alquequenje, Azufaifo<br \/>\nBabaco, Badea<br \/>\nCarambola, Chayote, Chirimoya<br \/>\nFeijoa, Filodendro, Fruta de la pasi\u00f3n<br \/>\nGranadilla, Grumichama, Guan\u00e1bana, Guayaba<br \/>\nJaca<br \/>\nKaki Sharon, Kiwano, Kumquat<br \/>\nLima \u00e1cida, Limequat, Litchi, Longan, L\u00facumo<br \/>\nMacadamia, Mango<br \/>\nN\u00edspero<br \/>\nPacano, Papaya, Pepino-mel\u00f3n, Pi\u00f1a, Pistacho, Pitanga, Pitaya, Pomarosa<br \/>\nTamarillo, Tuna<br \/>\nYuca<br \/>\nZapote blanco<\/p>\n<p>Notas adiccionales<br \/>\n______________________________________<br \/>\nNuestro pa\u00eds comienza a tener cultura sobre frutos procedentes del tr\u00f3pico, debido entre otras circunstancias a la labor que se realiza desde hace a\u00f1os en Andaluc\u00eda, en los valles litorales de las provincias de M\u00e1laga y Granada, desarrollando trabajos de investigaci\u00f3n y adaptaci\u00f3n al medio en diversos centros especializados, bien sean del Consejo Superior de Investigaciones cient\u00edficas o de la Junta de Andaluc\u00eda.<br \/>\nPodemos afirmar que en Europa no existe otra \u00e1rea geogr\u00e1fica en la que se den las condiciones clim\u00e1ticas de las que goza nuestro subtr\u00f3pico andaluz, haciendo posible la perfecta adaptaci\u00f3n de algunos de estos frutos en nuestro pa\u00eds.\u00a0<\/p>\n<p>Esta obra consigue acercar tanto al consumidor como al agricultor a m\u00e1s de cuarenta frutos de origen tropical, que en la actualidad crecen en nuestro pa\u00eds sin ning\u00fan problema.\u00a0<\/p>\n<p>Juli\u00e1n, no es la primera vez que nos acerca al mundo de las frutas. Su trayectoria profesional est\u00e1 ligada desde siempre a una actividad comercial por una parte, importando estos frutos para su consumo y por otra, siendo pionero en el comienzo de los experimentos en sus fincas de Rancho antillano y oriental, siendo testigo directo de la paulatina adaptaci\u00f3n de estas plantas a nuestro clima.\u00a0<br \/>\nJose M\u00aa, ingeniero agr\u00f3nomo, curtido en el trabajo de investigaci\u00f3n y experimentaci\u00f3n en la Estaci\u00f3n Experimental \u00abLa Mayora\u00bb, ha desempe\u00f1ado un papel muy importante en la implantaci\u00f3n y seguimiento de estos cultivos, siendo su mejor carta de presentaci\u00f3n, el primer fruto hoy, en el litoral mediterraneo andaluz:, el aguacate.\u00a0<\/p>\n<p>Los dos autores, grandes profesionales, aportan su experiencia, ofreciendo una informaci\u00f3n completa y variad\u00edsima, extructurada con gran rigor cient\u00edfico, de forma muy amena, dando a conocer el origen geogr\u00e1fico e hist\u00f3rico de cada una de las especies, su clasificaci\u00f3n bot\u00e1nica, composici\u00f3n, forma y caracter\u00edsticas de cada fruto.\u00a0<br \/>\n____________________________________________<\/p>\n","protected":false},"excerpt":{"rendered":"<p>P\u00e1ginas\u00a0\u00a0\u00a0\u00a0 224 Tama\u00f1o\u00a0\u00a0\u00a0\u00a0 27,50 x 20,00 cm. Peso\u00a0\u00a0\u00a0\u00a0\u00a0\u00a0\u00a0\u00a0\u00a0\u00a0 750 gr. Encuadernaci\u00f3n\u00a0 Carton\u00e9 (Tapa dura) Impresi\u00f3n\u00a0\u00a0\u00a0\u00a0\u00a0\u00a0\u00a0\u00a0\u00a0\u00a0\u00a0\u00a0\u00a0 Color\u00a0\u00cdNDICE DE CAP\u00cdTULOS Aguacate, Alquequenje,<\/p>\n","protected":false},"featured_media":69,"comment_status":"open","ping_status":"closed","template":"","meta":[],"product_cat":[19],"product_tag":[],"class_list":{"0":"post-68","1":"product","2":"type-product","3":"status-publish","4":"has-post-thumbnail","6":"product_cat-diaz-robledo-j-hermoso-j-m","8":"first","9":"instock","10":"shipping-taxable","11":"purchasable","12":"product-type-simple"},"_links":{"self":[{"href":"https:\/\/test.norma-capitel.com\/index.php?rest_route=\/wp\/v2\/product\/68","targetHints":{"allow":["GET"]}}],"collection":[{"href":"https:\/\/test.norma-capitel.com\/index.php?rest_route=\/wp\/v2\/product"}],"about":[{"href":"https:\/\/test.norma-capitel.com\/index.php?rest_route=\/wp\/v2\/types\/product"}],"replies":[{"embeddable":true,"href":"https:\/\/test.norma-capitel.com\/index.php?rest_route=%2Fwp%2Fv2%2Fcomments&post=68"}],"wp:featuredmedia":[{"embeddable":true,"href":"https:\/\/test.norma-capitel.com\/index.php?rest_route=\/wp\/v2\/media\/69"}],"wp:attachment":[{"href":"https:\/\/test.norma-capitel.com\/index.php?rest_route=%2Fwp%2Fv2%2Fmedia&parent=68"}],"wp:term":[{"taxonomy":"product_cat","embeddable":true,"href":"https:\/\/test.norma-capitel.com\/index.php?rest_route=%2Fwp%2Fv2%2Fproduct_cat&post=68"},{"taxonomy":"product_tag","embeddable":true,"href":"https:\/\/test.norma-capitel.com\/index.php?rest_route=%2Fwp%2Fv2%2Fproduct_tag&post=68"}],"curies":[{"name":"wp","href":"https:\/\/api.w.org\/{rel}","templated":true}]}}