{"id":64,"date":"2024-11-25T12:10:32","date_gmt":"2024-11-25T12:10:32","guid":{"rendered":"https:\/\/test.norma-capitel.com\/?post_type=product&#038;p=64"},"modified":"2024-11-25T12:10:33","modified_gmt":"2024-11-25T12:10:33","slug":"historia-del-aguacate-espanol","status":"publish","type":"product","link":"https:\/\/test.norma-capitel.com\/?product=historia-del-aguacate-espanol","title":{"rendered":"Historia del Aguacate Espa\u00f1ol"},"content":{"rendered":"<p>P\u00e1ginas\u00a0\u00a0\u00a0\u00a0 160<br \/>\nTama\u00f1o\u00a0\u00a0\u00a0\u00a0 24,00 x 17,00 cm<br \/>\nPeso\u00a0\u00a0\u00a0\u00a0\u00a0\u00a0\u00a0\u00a0\u00a0\u00a0 320 gr.<\/p>\n<p>Encuadernaci\u00f3n\u00a0 R\u00fastica (Tapa blanda)<br \/>\nImpresi\u00f3n\u00a0\u00a0\u00a0\u00a0\u00a0\u00a0\u00a0\u00a0\u00a0\u00a0\u00a0\u00a0\u00a0\u00a0 b\/n\u00cdNDICE DE CAP\u00cdTULOS<\/p>\n<p>Introducci\u00f3n<\/p>\n<p>1\u00a0 Qu\u00e9 es el aguacate y sus aportes saludables.<br \/>\n2\u00a0 Aparici\u00f3n de un fruto raro en los mercados.<br \/>\n3\u00a0 Odisea de la primera plantaci\u00f3n comercial.<br \/>\n4\u00a0 Un catal\u00e1n, pionero de su introducci\u00f3n en Espa\u00f1a.<br \/>\n5\u00a0 Almu\u00f1\u00e9car, el pueblo elegido.<br \/>\n6\u00a0 Reconocimiento internacional al fruto espa\u00f1ol.<br \/>\n7\u00a0 Viaje deseado. Aspecto comercial.<\/p>\n<p>Ap\u00e9ndice<br \/>\n\u00a0\u00a0\u00a0\u00a0<br \/>\nConsejos \u00fatiles para el consumidor<\/p>\n<p>Referencias bibliogr\u00e1ficas y personales<\/p>\n<p>______________________________________<\/p>\n","protected":false},"excerpt":{"rendered":"<p>P\u00e1ginas\u00a0\u00a0\u00a0\u00a0 160 Tama\u00f1o\u00a0\u00a0\u00a0\u00a0 24,00 x 17,00 cm Peso\u00a0\u00a0\u00a0\u00a0\u00a0\u00a0\u00a0\u00a0\u00a0\u00a0 320 gr. Encuadernaci\u00f3n\u00a0 R\u00fastica (Tapa blanda) Impresi\u00f3n\u00a0\u00a0\u00a0\u00a0\u00a0\u00a0\u00a0\u00a0\u00a0\u00a0\u00a0\u00a0\u00a0\u00a0 b\/n\u00cdNDICE DE CAP\u00cdTULOS Introducci\u00f3n 1\u00a0<\/p>\n","protected":false},"featured_media":65,"comment_status":"open","ping_status":"closed","template":"","meta":[],"product_cat":[17],"product_tag":[],"class_list":{"0":"post-64","1":"product","2":"type-product","3":"status-publish","4":"has-post-thumbnail","6":"product_cat-diaz-robledo-j","8":"first","9":"instock","10":"shipping-taxable","11":"purchasable","12":"product-type-simple"},"_links":{"self":[{"href":"https:\/\/test.norma-capitel.com\/index.php?rest_route=\/wp\/v2\/product\/64","targetHints":{"allow":["GET"]}}],"collection":[{"href":"https:\/\/test.norma-capitel.com\/index.php?rest_route=\/wp\/v2\/product"}],"about":[{"href":"https:\/\/test.norma-capitel.com\/index.php?rest_route=\/wp\/v2\/types\/product"}],"replies":[{"embeddable":true,"href":"https:\/\/test.norma-capitel.com\/index.php?rest_route=%2Fwp%2Fv2%2Fcomments&post=64"}],"wp:featuredmedia":[{"embeddable":true,"href":"https:\/\/test.norma-capitel.com\/index.php?rest_route=\/wp\/v2\/media\/65"}],"wp:attachment":[{"href":"https:\/\/test.norma-capitel.com\/index.php?rest_route=%2Fwp%2Fv2%2Fmedia&parent=64"}],"wp:term":[{"taxonomy":"product_cat","embeddable":true,"href":"https:\/\/test.norma-capitel.com\/index.php?rest_route=%2Fwp%2Fv2%2Fproduct_cat&post=64"},{"taxonomy":"product_tag","embeddable":true,"href":"https:\/\/test.norma-capitel.com\/index.php?rest_route=%2Fwp%2Fv2%2Fproduct_tag&post=64"}],"curies":[{"name":"wp","href":"https:\/\/api.w.org\/{rel}","templated":true}]}}