{"id":162,"date":"2024-11-25T12:11:49","date_gmt":"2024-11-25T12:11:49","guid":{"rendered":"https:\/\/test.norma-capitel.com\/?post_type=product&#038;p=162"},"modified":"2024-11-25T12:11:50","modified_gmt":"2024-11-25T12:11:50","slug":"gabriel-y-el-guadarrama","status":"publish","type":"product","link":"https:\/\/test.norma-capitel.com\/?product=gabriel-y-el-guadarrama","title":{"rendered":"Gabriel y el Guadarrama"},"content":{"rendered":"<p>Paginas\u00a0\u00a0\u00a0\u00a0 144<br \/>\nTama\u00f1o\u00a0\u00a0\u00a0\u00a0 22,90 x 16,00 cm.<br \/>\nPeso\u00a0\u00a0\u00a0\u00a0\u00a0\u00a0\u00a0\u00a0\u00a0\u00a0 260 gr.<br \/>\n\u00a0<br \/>\nEncuadernaci\u00f3n\u00a0 R\u00fastica (Tapa blanda)<br \/>\nImpresi\u00f3n\u00a0\u00a0\u00a0\u00a0\u00a0\u00a0\u00a0\u00a0\u00a0\u00a0\u00a0\u00a0\u00a0 b\/n<br \/>\n\u00a0<br \/>\n\u00a0COMENTARIO<br \/>\nCada d\u00eda que pasa hay m\u00e1s razones para amar la uni\u00f3n de todo lo que existe bajo y sobre el sol. En Literatura esta uni\u00f3n, la hace el lenguaje escrito a trav\u00e9s de sus significados.<br \/>\nEl libro \u00abGabriel y el Guadarrama\u00bb, siendo una narraci\u00f3n es, al mismo tiempo, reflexi\u00f3n y ensayo, meditaci\u00f3n y poes\u00eda.<br \/>\nEncontramos un reguero de sensibilidad en el autor que abre cauce, en la sensibilidad del lector.<br \/>\n____________________________________________<\/p>\n","protected":false},"excerpt":{"rendered":"<p>Paginas\u00a0\u00a0\u00a0\u00a0 144 Tama\u00f1o\u00a0\u00a0\u00a0\u00a0 22,90 x 16,00 cm. Peso\u00a0\u00a0\u00a0\u00a0\u00a0\u00a0\u00a0\u00a0\u00a0\u00a0 260 gr. \u00a0 Encuadernaci\u00f3n\u00a0 R\u00fastica (Tapa blanda) Impresi\u00f3n\u00a0\u00a0\u00a0\u00a0\u00a0\u00a0\u00a0\u00a0\u00a0\u00a0\u00a0\u00a0\u00a0 b\/n \u00a0 \u00a0COMENTARIO Cada<\/p>\n","protected":false},"featured_media":163,"comment_status":"open","ping_status":"closed","template":"","meta":[],"product_cat":[77],"product_tag":[],"class_list":{"0":"post-162","1":"product","2":"type-product","3":"status-publish","4":"has-post-thumbnail","6":"product_cat-jimenez-ontiveros-f","8":"first","9":"instock","10":"shipping-taxable","11":"purchasable","12":"product-type-simple"},"_links":{"self":[{"href":"https:\/\/test.norma-capitel.com\/index.php?rest_route=\/wp\/v2\/product\/162","targetHints":{"allow":["GET"]}}],"collection":[{"href":"https:\/\/test.norma-capitel.com\/index.php?rest_route=\/wp\/v2\/product"}],"about":[{"href":"https:\/\/test.norma-capitel.com\/index.php?rest_route=\/wp\/v2\/types\/product"}],"replies":[{"embeddable":true,"href":"https:\/\/test.norma-capitel.com\/index.php?rest_route=%2Fwp%2Fv2%2Fcomments&post=162"}],"wp:featuredmedia":[{"embeddable":true,"href":"https:\/\/test.norma-capitel.com\/index.php?rest_route=\/wp\/v2\/media\/163"}],"wp:attachment":[{"href":"https:\/\/test.norma-capitel.com\/index.php?rest_route=%2Fwp%2Fv2%2Fmedia&parent=162"}],"wp:term":[{"taxonomy":"product_cat","embeddable":true,"href":"https:\/\/test.norma-capitel.com\/index.php?rest_route=%2Fwp%2Fv2%2Fproduct_cat&post=162"},{"taxonomy":"product_tag","embeddable":true,"href":"https:\/\/test.norma-capitel.com\/index.php?rest_route=%2Fwp%2Fv2%2Fproduct_tag&post=162"}],"curies":[{"name":"wp","href":"https:\/\/api.w.org\/{rel}","templated":true}]}}