{"id":156,"date":"2024-11-25T12:11:44","date_gmt":"2024-11-25T12:11:44","guid":{"rendered":"https:\/\/test.norma-capitel.com\/?post_type=product&#038;p=156"},"modified":"2024-11-25T12:11:44","modified_gmt":"2024-11-25T12:11:44","slug":"medicina-siglo-xxi","status":"publish","type":"product","link":"https:\/\/test.norma-capitel.com\/?product=medicina-siglo-xxi","title":{"rendered":"Medicina Siglo XXI"},"content":{"rendered":"<p>P\u00e1ginas\u00a0\u00a0\u00a0\u00a0 176<br \/>\nTama\u00f1o\u00a0\u00a0\u00a0\u00a0 21,50 x 14,80 cm.<br \/>\nPeso\u00a0\u00a0\u00a0\u00a0\u00a0\u00a0\u00a0 300 gr.<\/p>\n<p>Encuadernaci\u00f3n\u00a0 R\u00fastica (Tapa blanda)<br \/>\nImpresi\u00f3n \u00a0 \u00a0 \u00a0 \u00a0 \u00a0 \u00a0\u00a0 b\/n\u00cdNDICE DE CAP\u00cdTULOS<br \/>\n\u00a0 1\u00a0 Las tendencias sociales y sus relaciones con los cuidados sanitarios.<br \/>\n\u00a0 2\u00a0 Historia.<br \/>\n\u00a0 3\u00a0 Los conceptos en medicina.<br \/>\n\u00a0 4\u00a0 La terapia de causa directa versus la supresi\u00f3n de los s\u00edntomas.<br \/>\n\u00a0 5\u00a0 T\u00e9cnicas de regulaci\u00f3n bioelectr\u00f3nica, electrograma segmentario y m\u00e9todo vegatest.<br \/>\n\u00a0 6\u00a0 El psique en medicina.<br \/>\n\u00a0 7\u00a0 Teor\u00eda de la homotoxicosis.<br \/>\n\u00a0 8\u00a0 Complejos homeop\u00e1ticos &#8211; una revoluci\u00f3n en la medicina natural.<br \/>\n\u00a0 9\u00a0 Disbiosis &#8211; Una epidemia no reconocida<br \/>\n10\u00a0 Enfermedades comunes mostradas por la medicina de regulaci\u00f3n bioelectr\u00f3nica.<br \/>\n11\u00a0 Automedicaci\u00f3n utilizando complejos homeop\u00e1ticos.<br \/>\n12\u00a0 Respuesta al tratamiento con los complejos homeop\u00e1ticos.<br \/>\n13\u00a0 Tratamiento del c\u00e1ncer.<br \/>\n14\u00a0 Holismo, una fuerza reunida.<br \/>\n15\u00a0 La medicina del futuro.<br \/>\nBibliograf\u00eda<\/p>\n<p>\u00cdndice alfab\u00e9tico\u00a0<br \/>\n____________________________________________<\/p>\n","protected":false},"excerpt":{"rendered":"<p>P\u00e1ginas\u00a0\u00a0\u00a0\u00a0 176 Tama\u00f1o\u00a0\u00a0\u00a0\u00a0 21,50 x 14,80 cm. Peso\u00a0\u00a0\u00a0\u00a0\u00a0\u00a0\u00a0 300 gr. Encuadernaci\u00f3n\u00a0 R\u00fastica (Tapa blanda) Impresi\u00f3n \u00a0 \u00a0 \u00a0 \u00a0 \u00a0<\/p>\n","protected":false},"featured_media":157,"comment_status":"open","ping_status":"closed","template":"","meta":[],"product_cat":[72],"product_tag":[],"class_list":{"0":"post-156","1":"product","2":"type-product","3":"status-publish","4":"has-post-thumbnail","6":"product_cat-kenyon-j-n","8":"first","9":"instock","10":"shipping-taxable","11":"purchasable","12":"product-type-simple"},"_links":{"self":[{"href":"https:\/\/test.norma-capitel.com\/index.php?rest_route=\/wp\/v2\/product\/156","targetHints":{"allow":["GET"]}}],"collection":[{"href":"https:\/\/test.norma-capitel.com\/index.php?rest_route=\/wp\/v2\/product"}],"about":[{"href":"https:\/\/test.norma-capitel.com\/index.php?rest_route=\/wp\/v2\/types\/product"}],"replies":[{"embeddable":true,"href":"https:\/\/test.norma-capitel.com\/index.php?rest_route=%2Fwp%2Fv2%2Fcomments&post=156"}],"wp:featuredmedia":[{"embeddable":true,"href":"https:\/\/test.norma-capitel.com\/index.php?rest_route=\/wp\/v2\/media\/157"}],"wp:attachment":[{"href":"https:\/\/test.norma-capitel.com\/index.php?rest_route=%2Fwp%2Fv2%2Fmedia&parent=156"}],"wp:term":[{"taxonomy":"product_cat","embeddable":true,"href":"https:\/\/test.norma-capitel.com\/index.php?rest_route=%2Fwp%2Fv2%2Fproduct_cat&post=156"},{"taxonomy":"product_tag","embeddable":true,"href":"https:\/\/test.norma-capitel.com\/index.php?rest_route=%2Fwp%2Fv2%2Fproduct_tag&post=156"}],"curies":[{"name":"wp","href":"https:\/\/api.w.org\/{rel}","templated":true}]}}