{"id":112,"date":"2024-11-25T12:11:08","date_gmt":"2024-11-25T12:11:08","guid":{"rendered":"https:\/\/test.norma-capitel.com\/?post_type=product&#038;p=112"},"modified":"2024-11-25T12:11:09","modified_gmt":"2024-11-25T12:11:09","slug":"patologia-infantil-extructurada","status":"publish","type":"product","link":"https:\/\/test.norma-capitel.com\/?product=patologia-infantil-extructurada","title":{"rendered":"Patolog\u00eda infantil extructurada"},"content":{"rendered":"<p>P\u00e1ginas\u00a0\u00a0\u00a0\u00a0 384<br \/>\nTama\u00f1o\u00a0\u00a0\u00a0\u00a0 25,00 x 17,00 cm.<br \/>\nPeso\u00a0\u00a0\u00a0\u00a0\u00a0\u00a0\u00a0\u00a0\u00a0\u00a0 700 gr<\/p>\n<p>Encuadernaci\u00f3n\u00a0 R\u00fastica (Tapa blanda)<br \/>\nImpresi\u00f3n\u00a0\u00a0\u00a0\u00a0\u00a0\u00a0\u00a0\u00a0\u00a0\u00a0\u00a0\u00a0\u00a0 b\/n\u00cdNDICE DE CAP\u00cdTULOS\u00a0<\/p>\n<p>\u00a0 1\u00a0 Introducci\u00f3n.<br \/>\n\u00a0 2\u00a0 Patolog\u00eda prenatal.<br \/>\n\u00a0 3\u00a0 Patolog\u00eda del reci\u00e9n nacido.<br \/>\n\u00a0 4\u00a0 Patolog\u00eda de la alimentaci\u00f3n y nutrici\u00f3n.<br \/>\n\u00a0 5\u00a0 Patolog\u00eda metab\u00f3lica.<br \/>\n\u00a0 6\u00a0 Inmunopatolog\u00eda.<br \/>\n\u00a0 7\u00a0 Enfermedades infecciosas.<br \/>\n\u00a0 8\u00a0 Patolog\u00eda respiratoria.<br \/>\n\u00a0 9\u00a0 Patolog\u00eda del crecimiento en longitud.<br \/>\n10 Patolog\u00eda de la diferenciaci\u00f3n y maduraci\u00f3n sexual.<br \/>\n11 Patolog\u00eda neurol\u00f3gica.<br \/>\n12 Patolog\u00eda psicosom\u00e1tica.<br \/>\n13 Patolog\u00eda constitucional del aparato locomotor.<br \/>\n14 Patolog\u00eda cardiovascular.<br \/>\n15 Patolog\u00eda digestiva y hep\u00e1tica.<br \/>\n16 Patolog\u00eda neufrourol\u00f3gica.<br \/>\n17 Patolog\u00eda hematol\u00f3gica.<br \/>\n18 Particularidades de la oncolog\u00eda pedi\u00e1trica.<br \/>\n____________________________________________<\/p>\n<p>La Pediatr\u00eda como especialidad m\u00e9dica tiene un siglo de vida, siendo practicada casi en su totalidad por el m\u00e9dico de familia. En los \u00faltimos 40 a\u00f1os, a partir del desarrollo de los modernos hospitales pedi\u00e1tricos, han empezado a aparecer especialidades en el campo de la pediatr\u00eda.<br \/>\nLa bibliograf\u00eda sobre este tema, ha seguido el mismo ritmo, pasando de los simples tratados a obras especializadas (cuesti\u00f3n indispensable si consideramos que en la actualidad existen unos seis mil\u00a0diagn\u00f3sticos diferentes). Este ac\u00famulo de nueva informaci\u00f3n sobre etiolog\u00eda, patolog\u00eda, diagn\u00f3stico y tratamiento, produce un poco de confusi\u00f3n al perderse en su enorme vastedad.<br \/>\nEsta obra, prologada por el Dr. E. Jaso, ofrece una concepci\u00f3n totalmente distinta, al presentar de manera concisa, la pediatr\u00eda de fines del siglo XX, resultado de una met\u00f3dica del razonamiento cl\u00ednico, basada en el estructuralismo, sobre el que el autor viene trabajando hace mas de 30 a\u00f1os; se desarrolla como una fisiopatolog\u00eda que tiene mucho de patolog\u00eda general pedi\u00e1trica, exenta de disquisiciones, enriquecida con esquemas de gran calidad y rigor, resultando de gran utilidad en el tratamiento del ni\u00f1o enfermo.\u00a0<br \/>\n____________________________________________<\/p>\n","protected":false},"excerpt":{"rendered":"<p>P\u00e1ginas\u00a0\u00a0\u00a0\u00a0 384 Tama\u00f1o\u00a0\u00a0\u00a0\u00a0 25,00 x 17,00 cm. Peso\u00a0\u00a0\u00a0\u00a0\u00a0\u00a0\u00a0\u00a0\u00a0\u00a0 700 gr Encuadernaci\u00f3n\u00a0 R\u00fastica (Tapa blanda) Impresi\u00f3n\u00a0\u00a0\u00a0\u00a0\u00a0\u00a0\u00a0\u00a0\u00a0\u00a0\u00a0\u00a0\u00a0 b\/n\u00cdNDICE DE CAP\u00cdTULOS\u00a0 \u00a0 1\u00a0<\/p>\n","protected":false},"featured_media":113,"comment_status":"open","ping_status":"closed","template":"","meta":[],"product_cat":[49],"product_tag":[],"class_list":{"0":"post-112","1":"product","2":"type-product","3":"status-publish","4":"has-post-thumbnail","6":"product_cat-collado-otero-f","8":"first","9":"instock","10":"shipping-taxable","11":"purchasable","12":"product-type-simple"},"_links":{"self":[{"href":"https:\/\/test.norma-capitel.com\/index.php?rest_route=\/wp\/v2\/product\/112","targetHints":{"allow":["GET"]}}],"collection":[{"href":"https:\/\/test.norma-capitel.com\/index.php?rest_route=\/wp\/v2\/product"}],"about":[{"href":"https:\/\/test.norma-capitel.com\/index.php?rest_route=\/wp\/v2\/types\/product"}],"replies":[{"embeddable":true,"href":"https:\/\/test.norma-capitel.com\/index.php?rest_route=%2Fwp%2Fv2%2Fcomments&post=112"}],"wp:featuredmedia":[{"embeddable":true,"href":"https:\/\/test.norma-capitel.com\/index.php?rest_route=\/wp\/v2\/media\/113"}],"wp:attachment":[{"href":"https:\/\/test.norma-capitel.com\/index.php?rest_route=%2Fwp%2Fv2%2Fmedia&parent=112"}],"wp:term":[{"taxonomy":"product_cat","embeddable":true,"href":"https:\/\/test.norma-capitel.com\/index.php?rest_route=%2Fwp%2Fv2%2Fproduct_cat&post=112"},{"taxonomy":"product_tag","embeddable":true,"href":"https:\/\/test.norma-capitel.com\/index.php?rest_route=%2Fwp%2Fv2%2Fproduct_tag&post=112"}],"curies":[{"name":"wp","href":"https:\/\/api.w.org\/{rel}","templated":true}]}}