{"id":110,"date":"2024-11-25T12:11:07","date_gmt":"2024-11-25T12:11:07","guid":{"rendered":"https:\/\/test.norma-capitel.com\/?post_type=product&#038;p=110"},"modified":"2024-11-25T12:11:07","modified_gmt":"2024-11-25T12:11:07","slug":"cardiopatias-congenitas-diagnostico-morfologico","status":"publish","type":"product","link":"https:\/\/test.norma-capitel.com\/?product=cardiopatias-congenitas-diagnostico-morfologico","title":{"rendered":"Cardiopat\u00edas Cong\u00e9nitas. Diagn\u00f3stico morfol\u00f3gico"},"content":{"rendered":"<p>P\u00e1ginas\u00a0\u00a0\u00a0\u00a0 140<br \/>\nTama\u00f1o\u00a0\u00a0\u00a0\u00a0 21,50 x 29,50 cm.<br \/>\nPeso\u00a0\u00a0\u00a0\u00a0\u00a0\u00a0\u00a0\u00a0\u00a0\u00a0 650 gr.<\/p>\n<p>Encuadernaci\u00f3n\u00a0 Rustica (Tapa blanda)<br \/>\nImpresi\u00f3n\u00a0\u00a0\u00a0\u00a0\u00a0\u00a0\u00a0\u00a0\u00a0\u00a0\u00a0\u00a0\u00a0 b\/n\u00cdNDICE DE CAP\u00cdTULOS\u00a0<\/p>\n<p>\u00a0 1\u00a0 An\u00e1lisis segmentario de las cardiopat\u00edas cong\u00e9nitas.<br \/>\n\u00a0 2\u00a0 Comunicaci\u00f3n interauricular. Drenaje venoso pulmonar an\u00f3malo.<br \/>\n\u00a0 3\u00a0 Canal atrioventricular com\u00fan.<br \/>\n\u00a0 4\u00a0 Comunicaci\u00f3n interventricular.<br \/>\n\u00a0 5\u00a0 Tetralog\u00eda de Fallot.<br \/>\n\u00a0 6\u00a0 Discordancia ventr\u00edculo-arterial.<br \/>\n\u00a0 7\u00a0 Tronco arterioso com\u00fan.<br \/>\n\u00a0 8\u00a0 Patolog\u00eda de los arcos a\u00f3rticos.<br \/>\n\u00a0 9\u00a0 Discordancia atrio-ventricular.<br \/>\n10 Situs ambiguo.<br \/>\n11 Doble salida del ventr\u00edculo derecho.<br \/>\n12 Desarrollo embriol\u00f3gico normal.<br \/>\nBibliograf\u00eda<br \/>\n\u00cdndice alfab\u00e9tico<br \/>\n____________________________________________<br \/>\nLa primera edici\u00f3n de este libro fue publicada en 1982 y la gran acogida que tuvo a nivel internacional, hizo que se agotase a los pocos meses de haber visto la luz.<br \/>\nLos autores, investigadores de reconocido prestigio en el Hospital Ram\u00f3n y Cajal de Madrid (Espa\u00f1a), motivados por la constante necesidad de revisar y actualizar conceptos en este campo de la medicina, en pleno auge de desarrollo, decidieron que viera la luz una nueva edici\u00f3n de esta obra, corregida y aumentada.<br \/>\nEl libro, con un texto breve y conciso y una gran profusi\u00f3n de esquemas y fotograf\u00edas de piezas anat\u00f3micas de gran calidad, resume en pocos cap\u00edtulos las caracter\u00edsticas anat\u00f3micas de las cardiopat\u00edas cong\u00e9nitas pedi\u00e1tricas m\u00e1s frecuentes, permitiendo aclarar conceptos, unificando criterios y nomenclaturas, finalizando con una puesta al d\u00eda sobre el desarrollo embriol\u00f3gico normal del coraz\u00f3n,\u00a0permitiendo as\u00ed, una mejor comprensi\u00f3n del tema, obteniendo como resultado, una obra de gran inter\u00e9s y actualidad en este campo, ya que constituye la base indispensable para un correcto diagn\u00f3stico anatomo-cl\u00ednico y su tratamiento quir\u00fargico.<br \/>\n____________________________________________<\/p>\n","protected":false},"excerpt":{"rendered":"<p>P\u00e1ginas\u00a0\u00a0\u00a0\u00a0 140 Tama\u00f1o\u00a0\u00a0\u00a0\u00a0 21,50 x 29,50 cm. Peso\u00a0\u00a0\u00a0\u00a0\u00a0\u00a0\u00a0\u00a0\u00a0\u00a0 650 gr. Encuadernaci\u00f3n\u00a0 Rustica (Tapa blanda) Impresi\u00f3n\u00a0\u00a0\u00a0\u00a0\u00a0\u00a0\u00a0\u00a0\u00a0\u00a0\u00a0\u00a0\u00a0 b\/n\u00cdNDICE DE CAP\u00cdTULOS\u00a0 \u00a0 1\u00a0<\/p>\n","protected":false},"featured_media":111,"comment_status":"open","ping_status":"closed","template":"","meta":[],"product_cat":[48,46],"product_tag":[],"class_list":{"0":"post-110","1":"product","2":"type-product","3":"status-publish","4":"has-post-thumbnail","6":"product_cat-arteaga-martinez-m-pediatria","7":"product_cat-arteaga-martinez-m","9":"first","10":"instock","11":"shipping-taxable","12":"purchasable","13":"product-type-simple"},"_links":{"self":[{"href":"https:\/\/test.norma-capitel.com\/index.php?rest_route=\/wp\/v2\/product\/110","targetHints":{"allow":["GET"]}}],"collection":[{"href":"https:\/\/test.norma-capitel.com\/index.php?rest_route=\/wp\/v2\/product"}],"about":[{"href":"https:\/\/test.norma-capitel.com\/index.php?rest_route=\/wp\/v2\/types\/product"}],"replies":[{"embeddable":true,"href":"https:\/\/test.norma-capitel.com\/index.php?rest_route=%2Fwp%2Fv2%2Fcomments&post=110"}],"wp:featuredmedia":[{"embeddable":true,"href":"https:\/\/test.norma-capitel.com\/index.php?rest_route=\/wp\/v2\/media\/111"}],"wp:attachment":[{"href":"https:\/\/test.norma-capitel.com\/index.php?rest_route=%2Fwp%2Fv2%2Fmedia&parent=110"}],"wp:term":[{"taxonomy":"product_cat","embeddable":true,"href":"https:\/\/test.norma-capitel.com\/index.php?rest_route=%2Fwp%2Fv2%2Fproduct_cat&post=110"},{"taxonomy":"product_tag","embeddable":true,"href":"https:\/\/test.norma-capitel.com\/index.php?rest_route=%2Fwp%2Fv2%2Fproduct_tag&post=110"}],"curies":[{"name":"wp","href":"https:\/\/api.w.org\/{rel}","templated":true}]}}